 be ((-4)/30*3)/(4/(-20)). Suppose x + i*t = 253, -x - k*x + 997 = 3*t. Is x composite?
True
Let h(q) be the third derivative of 37*q**4/6 - 5*q**3/6 + 3*q**2. Suppose 6*g - 124 = -70. Is h(g) composite?
False
Is ((-11)/(-5))/(((-2)/132596)/((-170)/68)) prime?
False
Is 15/20 + ((-4)/6)/(344/(-638520201)) prime?
False
Suppose -5*u + 3*j = -25, -5*j - 27 = -5*u + 4*u. Suppose r - 1541 = -2*v + v, -7719 = -5*v + u*r. Is v a composite number?
False
Let q(d) = 3*d**3 - 2*d**2 - 6*d - 48. Let y be (-1 + 80/(-30))/(2/(-6)). Is q(y) a prime number?
True
Let x = -338 + 334. Let t be (-8)/(-1 - -5) + -6. Is ((-4)/t + x)*-122 a prime number?
False
Suppose 4*h + 4*q = 5116, 2*h + 5*q - 2583 = 8*q. Suppose 3*i = -6, 3*r + 5*i - h = r. Is r composite?
False
Let f(x) = -2*x**2 - 15*x - 1. Let k be f(-8). Is (-774)/k*28/8 a composite number?
True
Let q(o) = -821*o + 2405. Is q(-28) composite?
True
Suppose -4*s = -5*s + 122926. Is s composite?
True
Is (-16903)/(-2)*(13 + -11 + 0) + 6 composite?
True
Let k = 103279 - -106890. Is k a composite number?
False
Let z be (-5)/(-10)*19/(76/346600). Suppose -36*k = -31*k - z. Is k prime?
False
Let c = -49 + 47. Let a be (-17)/c + (-6)/(-4). Is 18/30 - (-16844)/a a composite number?
True
Is (-450)/(-18) + -18 + (-1242408)/(3 + -5) prime?
False
Let r(p) = 2*p**3 + 18*p**2 - 40*p - 44. Let b be r(-16). Let m = b - -8039. Is m prime?
True
Suppose -3 = -f + 3*b - 4, -3 = -3*b. Suppose -q + 6930 = 2*p, -2808 = -f*p + q + 4126. Is p composite?
True
Let o be (-18)/(-16) - 1 - 450/144. Is 5/(o - 1528/(-508)) composite?
True
Let l(o) = 1 + 8 - 3*o + 12 - 313*o**2 + 1443*o**2 - 1. Is l(3) a composite number?
False
Suppose 2*x = -4*x - 30. Let t(y) = 284*y**2 - y + 4. Let d be t(x). Suppose p - 2996 = -2*k, -3*k = 3*p - d + 2618. Is k a prime number?
True
Let l be 15/4 - 1/(-4). Let b = 173 - 360. Let c = l - b. Is c composite?
False
Suppose 4*j + 17 = 9, -5*j = f - 70. Suppose 0 = -f*g + 74*g + 86874. Is g a composite number?
False
Let m = 93834 + -35383. Is m composite?
False
Let q(t) = 185*t - 28. Let w be 2*(-2)/((-24)/54). Is q(w) a composite number?
False
Let k = -795 - -1291. Suppose k - 3020 = -4*y. Is y prime?
True
Let l(q) = -q**2 - 11*q - 9. Let c be l(-8). Let i = c - 4. Suppose -5*m + o + i = 0, -m + 2*m + 2*o = 11. Is m a composite number?
False
Suppose s + 69 - 74 = 0. Suppose -i + 5190 = -s*n, 2*i - 5*n = -2*i + 20775. Is i composite?
True
Let u be 274 - (1 + (-4 - 1)). Let o = -87 + u. Suppose 4*z - 1007 = -z - 2*t, o = z + 3*t. Is z a composite number?
True
Suppose 58*v + n = 63*v - 1594396, 2*n = 2*v - 637744. Is v a prime number?
True
Let l(m) = 5*m + 95. Let o be l(-19). Suppose o = -7*j + 9634 - 1577. Is j a prime number?
True
Is -3 - (166/1577 + (-1716310)/19) composite?
True
Let a be (-3)/(-6) - (7 - 17/2). Suppose 25316 = a*h - 31970. Is h a composite number?
False
Suppose -318*m + 8011231 + 5306906 = 3537411. Is m a composite number?
False
Let x = -215 + 215. Is 1/((-54450)/(-13610) - (x - -4)) a composite number?
False
Let c = -233173 + 329112. Is c prime?
False
Suppose -v = -182 + 181. Let a be v + 3 + -2 + -4595. Let d = a + 6476. Is d a prime number?
False
Suppose -4*x + 4*d + 177296 = 0, 3*x = -2*x - 5*d + 221630. Suppose 12*l + 33*l = x. Is l a prime number?
False
Suppose -t = 4*k - 413136, -39*t - 103279 = -k - 38*t. Is k a prime number?
False
Let j = -51 + 45. Let s be (2702/1)/2 - (-18)/j. Suppose 4*d + d - 3367 = 2*m, -2*d + 2*m + s = 0. Is d prime?
True
Let d(k) = 3906*k - 2362. Is d(110) prime?
False
Let g be (3*(-6)/(-36))/(1/(-16)). Let j(f) = 2*f**2 - 5*f - 17. Let z be j(g). Is ((-4)/3*3)/((-2)/z) prime?
False
Suppose 5*m - 19 = 3*n - 4*n, 0 = 3*n - m - 9. Suppose 0*x = -n*x + 8. Is 2 + ((-2)/x + -352)/(-1) prime?
False
Let r = -182 - -183. Is (1247/(3/3))/r a prime number?
False
Let l(w) = w**2 + 7*w - 6. Let q be l(-8). Suppose -14*j + q = 2. Suppose -5*a = 5*k - 1665, -5*a + 3*a - k + 668 = j. Is a composite?
True
Suppose -3*u = -0*u. Suppose -8*q = -2*y - 3*q - 1885, u = -5*q - 5. Let r = 1652 + y. Is r prime?
False
Suppose 4*h + h = w - 1248, 3*h - 6296 = -5*w. Let z(q) = 390*q + 1. Let b be z(-1). Let t = w + b. Is t a composite number?
True
Suppose -4*o + 1002 = 2*g, -1543 = -3*g - 3*o + 5*o. Let y = -3182 - -3416. Let t = g + y. Is t a prime number?
False
Let l be ((-20)/(-6))/((-54)/(-2835)). Suppose -4*x + c + l = 0, 13*x - 15*x - 5*c = -71. Is x prime?
True
Let s(j) = 735*j + 2. Let n be s(2). Let d be (1 - n/(-2)) + (-6)/(-3). Suppose 2*y = y + 2*t + d, 4*t - 20 = 0. Is y prime?
False
Let x(b) = 2*b**3 + 9*b**2 - 2*b + 19. Let v be x(-5). Suppose -h = -4*j + 1874, -v*j + 3017 = -2*h + 1145. Is j composite?
True
Let c(g) = 37*g**2 + 22*g - 49. Is c(32) prime?
True
Suppose h - 5*y - 165643 = 0, -5*h - y + 537451 = -290816. Is h a composite number?
False
Suppose 112*c - 5*p + 580151 = 114*c, -5*c + 1450305 = -2*p. Is c a prime number?
False
Let p = -94 - -98. Suppose -3*s + 3098 + p = 0. Is s/14 - 2/(-28)*2 composite?
True
Let q = 74 + -9. Let b = q - 48. Let k(o) = 6*o**2 + 18*o + 5. Is k(b) composite?
True
Let x(m) = -182*m - 75. Is x(-59) prime?
True
Suppose -1095304 = -319*k + 318*k + 3*t, 4*k + 5*t - 4381267 = 0. Is k a composite number?
False
Suppose 33*p = 29*p + 5648. Suppose 14222 - p = 42*m. Is m composite?
True
Let g = -18 + 15. Let l(p) = 9*p + 31. Let c be l(g). Suppose c*t = d + 1008, 0*t + 5*t + 5*d = 1235. Is t a composite number?
False
Is 4/(-54) - (3861940/(-1026) - -1*3) a prime number?
True
Let r(p) = 2*p**3 - 13*p**2 + 27*p - 18. Suppose -5*x + 4*k + 111 = 0, -32 = -4*x - 5*k + 24. Let a be r(x). Let j = a - 4809. Is j prime?
False
Suppose -2*n - 4*j = -209706, 729*n = 727*n + 3*j + 209692. Is n a prime number?
True
Suppose 178*p = 182*p - 736076. Is p prime?
False
Suppose 0*s = 6*s - 48. Let h(j) = 6*j**3 - 4*j**2 + 12*j + 27. Is h(s) composite?
False
Let c(h) = -31*h - 38 - 7*h + 3*h - 33. Is c(-26) prime?
True
Suppose -4*j + 3467620 + 580272 = 0. Is j a composite number?
False
Suppose -y - 2*y - 981 = -h, -5*h = 4*y - 4962. Let r = 3851 + h. Let l = r + -1636. Is l composite?
True
Let h(k) = 219*k + 2366. Is h(35) a prime number?
False
Suppose 0 = 4*w + 3*f - 249, -4*w + 8*f = 12*f - 252. Is (-3 - -3734) + w/10 a prime number?
False
Let f = 1 - 1. Let b(n) = 668*n**2 + 151*n + 298. Let g be b(-2). Suppose f = -0*s - 4*s + g. Is s prime?
False
Suppose 30*y + 30 = 24*y. Let u be -10*-82*2/y. Is (3 - u - 2) + 2 a prime number?
True
Let d = 256026 + -83239. Is d a prime number?
True
Let s(h) = 4*h**2 + 11*h - 181. Is s(20) prime?
False
Let r(a) = -487*a - 41. Let d be r(-5). Let x = 1807 + d. Is x composite?
False
Let j(k) = 15220*k**2 - 233*k - 2463. Is j(-10) a composite number?
True
Let a = 6181 - 1025. Let h = a - 3029. Suppose 2*n + 3*l = -2*l + 1418, 0 = -3*n - l + h. Is n a prime number?
True
Let d(z) = 264*z**3 + z**2 - 2*z - 22. Is d(5) prime?
True
Let j be (1/3 - (-140)/30)*3. Let h(r) = j + 82*r + 72*r - 19*r - 14*r. Is h(14) prime?
True
Let d(s) be the third derivative of 1/60*s**5 + 0*s + 11*s**2 + 317/6*s**3 + 1/8*s**4 + 0. Is d(0) a prime number?
True
Let z = -610 + 1369. Let w = 1335 - z. Suppose -2921 = -5*h - 3*l, 3*h - l - 2323 = -w. Is h prime?
False
Let u = -410 - -2072. Suppose u = -7*m - 1852. Is 1/((-1508)/m + -3*1) prime?
True
Let r = 31849 - -121410. Is r a composite number?
False
Let x(o) = -o**3 + 16*o**2 + 26*o - 32. Suppose 5*q + 30 + 65 = 0. Let a = q - -36. Is x(a) prime?
False
Let k(q) = 642*q**2 + 111*q + 95. Is k(16) prime?
False
Let i(r) = 3*r - 14*r + 25 - r**2 - 13*r + 3*r. Let o(g) = 2*g. Let k be o(-11). Is i(k) a prime number?
True
Let z(r) = 69*r**2 + 85*r + 183. Is z(-32) composite?
True
Let z = 181 - 182. Is z + 2 - 0 - (-13912 - 32) prime?
False
Let q(k) = -10292*k + 287. Is q(-1) composite?
True
Suppose 3*a - 8 = u + 2, 4*u - 3*a = -13. Let k be 3 + 3/(u/3*3). Suppose -9*d - 3172 + 16303 = k. Is d prime?
True
Let w(i) = 12*i - 107 + 22 + 6*i + 56. Suppose r + 2*n = -3*n - 7, 0 = -4*r - 5*n + 17. Is w(r) composite?
True
Let b(x) = -2*x**3 - 3*x**2 + 963 + 2128 + 5030 + 4*x - x. Is b(0) composite?
True
Let f = 19 - 15. Suppose -c = -2, -2142 = 8*q - f*q - 5*c. Let s = 20 - q. Is s prime?
False
Let t = 24 + -24. L